by 866?
433
What is the remainder when 1488864 is divided by 1510?
4
Calculate the remainder when 59445242 is divided by 1831.
1827
Calculate the remainder when 482034 is divided by 1555.
1539
What is the remainder when 42397002 is divided by 1128?
1122
Calculate the remainder when 11982415 is divided by 153.
67
Calculate the remainder when 141294 is divided by 101.
96
Calculate the remainder when 552155 is divided by 497.
485
Calculate the remainder when 105688 is divided by 340.
288
Calculate the remainder when 2550 is divided by 1626.
924
Calculate the remainder when 154314 is divided by 430.
374
Calculate the remainder when 60572 is divided by 71.
9
What is the remainder when 3250582 is divided by 406322?
6
What is the remainder when 29063649 is divided by 10?
9
Calculate the remainder when 130079 is divided by 495.
389
What is the remainder when 45071070 is divided by 941?
934
Calculate the remainder when 5870363 is divided by 543.
533
What is the remainder when 269624 is divided by 2?
0
Calculate the remainder when 189347 is divided by 118.
75
What is the remainder when 1678346 is divided by 620?
6
What is the remainder when 246244 is divided by 505?
309
What is the remainder when 18727758 is divided by 842?
836
What is the remainder when 4376647 is divided by 729440?
7
Calculate the remainder when 17825815 is divided by 4456411.
171
Calculate the remainder when 26105720 is divided by 36.
32
Calculate the remainder when 18121439 is divided by 285.
284
What is the remainder when 790110 is divided by 306?
18
What is the remainder when 9350614 is divided by 9350605?
9
What is the remainder when 188885174 is divided by 1553?
1549
What is the remainder when 5582185 is divided by 290?
265
Calculate the remainder when 26311 is divided by 61.
20
What is the remainder when 471453 is divided by 20?
13
What is the remainder when 118362 is divided by 39405?
147
What is the remainder when 101270 is divided by 50187?
896
Calculate the remainder when 136228 is divided by 15107.
265
What is the remainder when 11323657 is divided by 1437?
97
What is the remainder when 22085 is divided by 3697?
3600
What is the remainder when 5914015 is divided by 356?
143
Calculate the remainder when 10036290 is divided by 528223.
53
Calculate the remainder when 10140897 is divided by 7306.
169
Calculate the remainder when 719074464 is divided by 473.
471
Calculate the remainder when 235800 is divided by 74.
36
What is the remainder when 1766546 is divided by 196?
194
What is the remainder when 1097107 is divided by 1199?
22
Calculate the remainder when 155310109 is divided by 16.
13
Calculate the remainder when 2024445 is divided by 144603.
3
What is the remainder when 237016 is divided by 24?
16
Calculate the remainder when 2197257 is divided by 39.
36
Calculate the remainder when 42723681 is divided by 655.
651
What is the remainder when 1005667 is divided by 398?
319
Calculate the remainder when 126322 is divided by 1025.
247
Calculate the remainder when 79274 is divided by 2594.
1454
What is the remainder when 4640540 is divided by 1546835?
35
Calculate the remainder when 8117464 is divided by 37066.
10
Calculate the remainder when 2069552 is divided by 16551.
677
What is the remainder when 42147902 is divided by 916?
910
Calculate the remainder when 2801143 is divided by 5169.
4714
What is the remainder when 1139100 is divided by 378348?
4056
Calculate the remainder when 3209023 is divided by 2611.
104
Calculate the remainder when 1357146 is divided by 8.
2
Calculate the remainder when 4448514 is divided by 213.
9
What is the remainder when 378988 is divided by 6110?
168
What is the remainder when 313066 is divided by 206?
152
Calculate the remainder when 394331 is divided by 3941.
231
What is the remainder when 845057 is divided by 422525?
7
What is the remainder when 40582262 is divided by 3121712?
6
Calculate the remainder when 62957 is divided by 6287.
87
What is the remainder when 454668 is divided by 329?
319
Calculate the remainder when 1582923 is divided by 10916.
103
What is the remainder when 276439 is divided by 3106?
5
What is the remainder when 1117 is divided by 301?
214
What is the remainder when 14221 is divided by 5481?
3259
What is the remainder when 35454 is divided by 772?
714
Calculate the remainder when 119112 is divided by 26.
6
What is the remainder when 1782341 is divided by 6553?
6478
What is the remainder when 232404 is divided by 42?
18
What is the remainder when 21503427 is divided by 1654108?
23
Calculate the remainder when 646876 is divided by 287.
265
What is the remainder when 194691428 is divided by 57465?
8
What is the remainder when 51677 is divided by 1595?
637
What is the remainder when 713842 is divided by 66?
52
Calculate the remainder when 108567 is divided by 5423.
107
What is the remainder when 47356136 is divided by 15785373?
17
What is the remainder when 142183 is divided by 47209?
556
Calculate the remainder when 41385748 is divided by 2941.
2937
What is the remainder when 942712 is divided by 941?
771
What is the remainder when 76608 is divided by 1919?
1767
Calculate the remainder when 5936822 is divided by 198.
188
What is the remainder when 2013718 is divided by 98?
14
Calculate the remainder when 69129618 is divided by 426726.
6
Calculate the remainder when 414190 is divided by 414165.
25
What is the remainder when 10675 is divided by 2002?
665
Calculate the remainder when 693652 is divided by 4719.
4678
Calculate the remainder when 4194178 is divided by 642.
634
What is the remainder when 5116183 is divided by 7145?
363
What is the remainder when 2099437 is divided by 43738?
13
What is the remainder when 8771 is divided by 2574?
1049
Calculate the remainder when 508486326 is divided by 56.
54
What is the remainder when 102476 is divided by 89?
37
What is the remainder when 7832857 is divided by 3834?
3829
What is the remainder when 10750937 is divided by 491?
1
What is the remainder when 5179863 is divided by 2589928?
7
What is the remainder when 60748 is divided by 2111?
1640
Calculate the remainder when 196058 is divided by 2723.
2
Calculate the remainder when 45854675 is divided by 732.
731
What is the remainder when 15269403 is divided by 5?
3
What is the remainder when 9680 is divided by 1019?
509
Calculate the remainder when 22967179 is divided by 6694.
65
Calculate the remainder when 3475544 is divided by 1707.
92
What is the remainder when 1629 is divided by 607?
415
What is the remainder when 9308271 is divided by 34475?
21
What is the remainder when 7285416 is divided by 3992?
16
What is the remainder when 4212 is divided by 4202?
10
Calculate the remainder when 3482351 is divided by 7360.
1071
What is the remainder when 692969 is divided by 1617?
893
Calculate the remainder when 89777797 is divided by 2450.
2447
What is the remainder when 6474153 is divided by 1854?
1839
Calculate the remainder when 1442996 is divided by 84.
44
What is the remainder when 314493 is divided by 32?
29
Calculate the remainder when 256118255 is divided by 36.
35
What is the remainder when 544392 is divided by 239?
189
What is the remainder when 315933 is divided by 36?
33
Calculate the remainder when 243267 is divided by 27029.
6
What is the remainder when 578154 is divided by 3381?
3
What is the remainder when 1918137 is divided by 739?
432
Calculate the remainder when 75949 is divided by 7592.
29
Calculate the remainder when 197909 is divided by 1188.
701
Calculate the remainder when 427885 is divided by 68764.
15301
Calculate the remainder when 82988237 is divided by 60180.
17
What is the remainder when 13774140 is divided by 10241?
10236
What is the remainder when 731893 is divided by 182968?
21
Calculate the remainder when 61936 is divided by 5628.
28
What is the remainder when 1017550 is divided by 9004?
98
Calculate the remainder when 7781665 is divided by 234.
229
Calculate the remainder when 2375110 is divided by 130.
10
What is the remainder when 115231 is divided by 674?
651
What is the remainder when 878594 is divided by 292837?
83
What is the remainder when 3454026 is divided by 14?
2
What is the remainder when 1183749 is divided by 23673?
99
What is the remainder when 598014 is divided by 74637?
918
What i